{"id":12,"date":"2014-05-25T21:49:04","date_gmt":"2014-05-25T19:49:04","guid":{"rendered":"http:\/\/amisol.ch\/?page_id=12"},"modified":"2019-04-16T22:36:44","modified_gmt":"2019-04-16T20:36:44","slug":"wer-sind-wir","status":"publish","type":"page","link":"https:\/\/amisol.ch\/?page_id=12","title":{"rendered":"Wer sind wir"},"content":{"rendered":"<p>Der Verein Amisol hat das Ziel, Projekte lokaler NGOs\u00a0(dt. Nichtregierungsorganisationen) in Entwicklungsl\u00e4ndern zu\u00a0unterst\u00fctzen. Dabei liegt der Fokus auf den Bereichen nachhaltige Landwirtschaft, l\u00e4ndliche Infrastruktur, Kleingewerbe,\u00a0Gesundheit, Bildung und Kultur. Wir legen besonderen Wert auf Achtung\u00a0der Menschenrechte, F\u00f6rderung der Frau, der demokratischen Strukturen und der Selbstbestimmung. Mit seiner T\u00e4tigkeit\u00a0unterst\u00fctzt Amisol zudem die solidarischen Beziehungen zwischen\u00a0Menschen oder Gemeinschaften in der Schweiz und in \u00e4rmeren\u00a0L\u00e4ndern (vgl. <a href=\"https:\/\/amisol.ch\/wordpress\/wp-content\/uploads\/2001\/statuten.de.pdf\">Statuten<\/a>).<\/p>\n<p>Seit 2003 unterst\u00fctzt Amisol das <a title=\"Stipendien f\u00fcr Jugendliche und Erwachsene\" href=\"https:\/\/amisol.ch\/?page_id=78\">Stipendienprojekt f\u00fcr Studierende<\/a> in der l\u00e4ndlichen Region San Dionisio, Matagalpa in <a href=\"https:\/\/amisol.ch\/wordpress\/wp-content\/uploads\/2014\/05\/Nicaragua.png\">Nicaragua<\/a>. Von 2001 bis 2007 finanzierte der Verein das <a title=\"Amtliche Beglaubigung des Landes- und Immobilienbesitzes\" href=\"https:\/\/amisol.ch\/?page_id=61\">Projekt zur Legalisierung des Landesbesitzes<\/a>.<\/p>\n<h2>Vorstand<\/h2>\n<ul>\n<li>Franziska Pfister (Pr\u00e4sidentin)<\/li>\n<li>Alessia Della Torre (Sekret\u00e4rin)<\/li>\n<li>Christian Tognacca (Kassier)<\/li>\n<\/ul>\n<h2>Revisionsstelle<\/h2>\n<ul>\n<li>Christoph Meienberg (Revisor)<\/li>\n<li>Esther Leemann (Revisorin)<\/li>\n<\/ul>\n<h2><a title=\"Kontakt\" href=\"https:\/\/amisol.ch\/?page_id=49\">Kontakt<\/a><\/h2>\n<h2><a title=\"Geschichte\" href=\"https:\/\/amisol.ch\/?page_id=36\">Geschichte<\/a><\/h2>\n<hr \/>\n<h2>Curricula<\/h2>\n<h3>Franziska Pfister<\/h3>\n<p>Zurzeit arbeitet Franziska als Dozentin an der Berner Fachhochschule. Zwischen 2007 und 2010 lebte\u00a0sie in Nicaragua, wo sie als Beraterin bei der NGO ODESAR in Matagalpa t\u00e4tig war. Ihre Hauptaufgaben waren\u00a0die Begleitung der strategischen Planung und des Monitorings, sowie die Ausbildung ihrer Arbeitskolleginnen und \u2013kollegen in der Projektformulierung.\u00a0Zuvor war Franziska als Deputy Coordinator des NCCR Nord-S\u00fcd an der Universit\u00e4t Bern t\u00e4tig. Dieses Forschungsprojekt befasst sich mit der Bew\u00e4ltigung und Linderung von globalen Syndromen, besonders im S\u00fcden.<\/p>\n<p>2003 beendete Franziska\u00a0ihre Dissertation \u00fcber das Management nat\u00fcrlicher Ressourcen in einer landwirtschaftlichen Region Nicaraguas an der Abteilung \u201eStoffhaushalt und Entsorgungstechnik\u201d der ETH. Erg\u00e4nzend absolvierte\u00a0sie den Nachdiplomkurs f\u00fcr Entwicklungsl\u00e4nder der ETH (NADEL). Urspr\u00fcnglich ist sie Biologin. Das Studium schloss sie an der ETH 1998 ab.<\/p>\n<p>Seit ihrem ersten Aufenthalt in Nicaragua 1993 hat es sie immer wieder in dieses Land gezogen. Insgesamt hat sie dort mehr als sieben Jahre verbracht und in verschiedenen Projekten in den Bereichen Landwirtschaft, nachhaltige Entwicklung und Erziehung gearbeitet.<\/p>\n<h3>Alessia Della Torre<\/h3>\n<p>Alessia hat Ethnologie, Sozialp\u00e4dagogik und Sozial- und Pr\u00e4ventivmedizin an der Universit\u00e4t Z\u00fcrich studiert und ihre Lizenziatsarbeit \u00fcber Sexualaufkl\u00e4rung und AIDS-Pr\u00e4vention f\u00fcr Jugendliche in Tansania verfasst. Im Rahmen ihres Studiums hat sie zwischen 1998 und 2000 eine insgesamt siebenmonatige Feldforschung in Dar es Salaam durchgef\u00fchrt.<\/p>\n<p>Zurzeit ist Alessia\u00a0als Jugendarbeiterin t\u00e4tig.<\/p>\n<h3>Christian Tognacca<\/h3>\n<p>Christian ist Kulturingenieur und hat sein Studium an der ETH Z\u00fcrich 1995 abgeschlossen. Nach Abschluss seiner Dissertation im Gebiet der Naturgefahren an der Versuchsanstalt f\u00fcr Wasserbau der ETH 1999, hat er bis 2001 am selben Institut als Projektleiter und Sachbearbeiter in der Abteilung Flussbau gearbeitet.<\/p>\n<p>Im Rahmen des Zivildienstes hat er zwischen 2001 und 2002 sechs Monate f\u00fcr die Mission 21 in einem Spital in Kamerun verbracht. Dort hat er an verschiedenen Projekten in den Bereichen Siedlungshygiene und l\u00e4ndliche Wasserversorgung gearbeitet. Anschliessend war er bis 2005 f\u00fcr ein Ingenieurb\u00fcro im Raum Z\u00fcrich in den Bereichen Kleinwasserkraftwerke, erneuerbare Energien, Wasser- und Flussbau, t\u00e4tig.<\/p>\n<p>Seit 2005 ist er Mitinhaber eines Ingenieurb\u00fcros f\u00fcr Wasserwirtschaft und Flussbau.<\/p>\n\n\n<p><\/p>\n","protected":false},"excerpt":{"rendered":"<p>Der Verein Amisol hat das Ziel, Projekte lokaler NGOs\u00a0(dt. Nichtregierungsorganisationen) in Entwicklungsl\u00e4ndern zu\u00a0unterst\u00fctzen. Dabei liegt der Fokus auf den Bereichen nachhaltige Landwirtschaft, l\u00e4ndliche Infrastruktur, Kleingewerbe,\u00a0Gesundheit, Bildung und Kultur. Wir legen besonderen Wert auf Achtung\u00a0der Menschenrechte, F\u00f6rderung der Frau, der demokratischen Strukturen und der Selbstbestimmung. Mit seiner T\u00e4tigkeit\u00a0unterst\u00fctzt Amisol zudem die solidarischen Beziehungen zwischen\u00a0Menschen oder Gemeinschaften &hellip; <a href=\"https:\/\/amisol.ch\/?page_id=12\" class=\"more-link\">Continue reading <span class=\"screen-reader-text\">Wer sind wir<\/span> <span class=\"meta-nav\">&rarr;<\/span><\/a><\/p>\n","protected":false},"author":2,"featured_media":0,"parent":0,"menu_order":0,"comment_status":"closed","ping_status":"closed","template":"","meta":{"footnotes":""},"class_list":["post-12","page","type-page","status-publish","hentry"],"_links":{"self":[{"href":"https:\/\/amisol.ch\/index.php?rest_route=\/wp\/v2\/pages\/12","targetHints":{"allow":["GET"]}}],"collection":[{"href":"https:\/\/amisol.ch\/index.php?rest_route=\/wp\/v2\/pages"}],"about":[{"href":"https:\/\/amisol.ch\/index.php?rest_route=\/wp\/v2\/types\/page"}],"author":[{"embeddable":true,"href":"https:\/\/amisol.ch\/index.php?rest_route=\/wp\/v2\/users\/2"}],"replies":[{"embeddable":true,"href":"https:\/\/amisol.ch\/index.php?rest_route=%2Fwp%2Fv2%2Fcomments&post=12"}],"version-history":[{"count":16,"href":"https:\/\/amisol.ch\/index.php?rest_route=\/wp\/v2\/pages\/12\/revisions"}],"predecessor-version":[{"id":596,"href":"https:\/\/amisol.ch\/index.php?rest_route=\/wp\/v2\/pages\/12\/revisions\/596"}],"wp:attachment":[{"href":"https:\/\/amisol.ch\/index.php?rest_route=%2Fwp%2Fv2%2Fmedia&parent=12"}],"curies":[{"name":"wp","href":"https:\/\/api.w.org\/{rel}","templated":true}]}}